/(z/(-27))?
3
Let m(y) = -12*y - 5. What is the units digit of m(-3)?
1
Suppose 0 = -5*c + 11 + 4. Suppose -c*h + 3*t + 10 = -2*t, -h = -2*t - 4. Suppose h = -3*q + q + 30. What is the tens digit of q?
1
Suppose -2*i = -4*i - 4. What is the tens digit of (-6)/4*-10 + i?
1
Let f = 69 + -47. Let r be (1*3 - 1)/1. Suppose f - 4 = r*k. What is the units digit of k?
9
Let r(c) = 4*c + 1. Let u be r(-2). What is the units digit of (-3 - u) + 2/(-1)?
2
Let f = 3 + 3. Suppose -b + 3*k = -10, 4*b + 4*k - 18 - f = 0. What is the units digit of b?
7
Let o(q) = 20*q - 7. What is the tens digit of o(4)?
7
Let i(d) = -d**3 + 6*d**2 + 5*d + 4. Let p be i(7). Let v = -3 - p. What is the units digit of v?
7
Suppose -4*x - 3*l + 169 = 0, 3*x - 31 = 2*x + 3*l. Suppose -x = -3*k + 5. What is the units digit of k?
5
Let y(h) = -h**3 + 5*h**2 - h + 4. Let v(n) = -n**2 + 6*n - 4. Let l be v(3). Let u be y(l). What is the units digit of ((u + 2)*-5)/(-1)?
5
Suppose -71 = f - 172. What is the units digit of f?
1
Let u(p) = p**2 - 9*p - 6. Let j be u(9). What is the units digit of (-3)/j*2 - 0?
1
What is the units digit of (-3)/(1/((-4 + 7)/(-3)))?
3
What is the units digit of 139 - 4/3*15/(-10)?
1
Suppose -2*v - n = -10, 2*n = -0*v + v - 5. What is the units digit of v?
5
Let i = -4 - -28. What is the tens digit of i?
2
What is the tens digit of ((-8)/(-6) - 1)/((-13)/(-546))?
1
Suppose -3*r + 3*s + 54 - 174 = 0, 4*r + s + 135 = 0. What is the units digit of (-126)/r - 2/(-5)?
4
Let p be (0 - 3/1) + -71. Let c = -46 - p. What is the units digit of c?
8
Let l(t) = 10*t + 5. What is the tens digit of l(4)?
4
Suppose 6 = -q + 1, -4*q - 22 = 2*n. Let y be (-2)/4*(6 - 10). What is the units digit of (-2)/y*5*n?
5
Let t = -96 - -140. What is the units digit of t?
4
Let i(g) = 30*g + 6. What is the units digit of i(2)?
6
Suppose 5*h + 30 = -2*t, -36 = 4*h - 0*h + 4*t. Let g be ((-2)/h)/((-2)/(-24)). Suppose 3*l - g = -0*l. What is the units digit of l?
2
Suppose -2*d + d - 9 = 0. Let t = d + 20. What is the tens digit of t?
1
Let j = -13 - -29. What is the units digit of j?
6
Suppose -10 = 3*k + i - 50, 2*k = 2*i + 24. What is the units digit of (k + 1)*(-3)/(-6)?
7
Let l(x) = -3*x. Let v be l(-7). What is the units digit of 6/(-21) + 321/v?
5
Let v = 12 + -8. Suppose 5 - 53 = -v*j. What is the units digit of j?
2
Let r(m) be the third derivative of m**5/20 + m**4/8 + 2*m**2. What is the units digit of r(-2)?
6
Suppose 2*k - 115 = 3*t, 0 = -4*t - 1 - 3. What is the tens digit of k?
5
Let s be 1/2 + 2/4. Let r be -1*(-3)/3*s. What is the units digit of r*2 - 5/5?
1
What is the tens digit of (-1)/(12/(-939)) - 12/(-16)?
7
Suppose 2*g - 106 = 240. What is the hundreds digit of g?
1
Let h(f) = 45*f - 24*f - 20*f. Let k be (1 - -1)/(1/3). What is the units digit of h(k)?
6
Let i(s) = s - 5. Let j be 1/(3/63*3). Let o be i(j). Let h = o + -1. What is the units digit of h?
1
Let p = -117 + 121. What is the units digit of p?
4
Suppose -4*t = 5*o + 8, 2*t - 4*t + 26 = -5*o. Let z be 2/8*-2*o. Suppose -4*u - z = -6. What is the units digit of u?
1
Let j be (1/(-2))/((-4)/16). Let i be -9*(0 + j/(-6)). Let y(n) = n + 4. What is the units digit of y(i)?
7
Let w(p) = 2*p**2 + 4*p + 3. What is the tens digit of w(6)?
9
Let n = -4 - -12. What is the units digit of (-2)/n + (-196)/(-16)?
2
Let f be ((-12)/8)/(2/(-4)). Suppose 3*w + 3 = -f. What is the units digit of w*(-6)/9*12?
6
Suppose r - 5*f + 19 - 2 = 0, 0 = -3*r - 4*f + 6. Let d be (-2 - -2)/r - -2. Suppose -5*m - 3*a = -45, d*m = a + 5 + 2. What is the units digit of m?
6
Suppose -w - 532 = -2*m - 2*m, 4*m - 3*w = 532. What is the tens digit of m?
3
Let k = 53 + -26. Suppose -5*y - 60 = 5*f, 0 = 3*f + 2 - 8. Let u = k + y. What is the tens digit of u?
1
Let j be 0/((-4)/(-5 + 3)). Let p = j - -2. Suppose 3*r = -p*q + 2*r + 11, -q + 4*r = -10. What is the units digit of q?
6
What is the units digit of (18/36)/(1/10)?
5
Suppose -6*p + 5*p + 45 = 0. What is the tens digit of p?
4
Suppose 0 = -4*s + 3*s + 45. Suppose 45 = 5*k - 3*g, 5*k + s = 10*k + 3*g. What is the units digit of k?
9
What is the tens digit of 83/3 + (-2)/(-6)?
2
Let r(q) = q - 1. Let i be r(3). Suppose 3*h = -i*y + 22, -4*h = 2*y - y - 1. What is the units digit of y?
7
Let s = -3 - -7. Suppose -21 = s*r - 77. What is the tens digit of r?
1
Let a(z) = 1 + 5*z**2 + 4*z**3 - 5*z - 2*z**2 - 3*z**3. Let q be a(-4). Suppose -b + q*b = 12. What is the units digit of b?
3
Suppose -6 = -3*f - 0*f. Let n be (8/(-12))/(f/12). What is the units digit of (-30)/(-7) + n/14?
4
Let h = 41 - 8. What is the units digit of h?
3
Let u be ((-4)/3)/((-6)/369). Suppose -5*j = -0*p + 3*p - 108, u = 4*j - 2*p. What is the units digit of j?
1
Let w = -25 - -106. What is the tens digit of w?
8
Let s = -56 + 89. What is the units digit of s?
3
Suppose -o + 5*o + 4*m = 20, 2*o = 4*m + 34. Suppose 0*v + 2*v = -r + o, -60 = -5*v + 5*r. What is the units digit of v?
7
Let v be (3 + -1)/((-6)/(-15)). Suppose 44 = 7*w - v*w. What is the tens digit of w?
2
What is the units digit of 3/(-2)*2/(-3)?
1
Suppose 3*u = 4*p - 27, -25 = -p - 4*p + 2*u. Suppose 0*a - 3*a - p*l = -165, 5*a = -l + 263. What is the tens digit of a?
5
Suppose 2*r - 13 = p, -4*r - 4 = p - 21. Let x be (4/p)/(2/(-3)). What is the tens digit of (1/x)/(3/78)?
1
Let w(r) = -r**3 + 14*r**2 + 14*r - 3. Let d be w(15). What is the units digit of (-1)/2*(-4 + d)?
1
Suppose 2*c = -3*c + 80. Suppose c - 66 = -5*s. What is the units digit of (s/(-4))/(1/(-2))?
5
Suppose -o + 2*w - 105 = -6*o, -2*o + 42 = -2*w. Suppose -o - 5 = -2*g. What is the units digit of g?
3
Suppose -3*o = -i - 7*o - 16, -3*i - 2*o = 28. Let x = 0 - i. What is the units digit of x?
8
Let w(x) = -3*x - 3. Let b be -2*1*21/(-14). Let t be w(b). Let s = -6 - t. What is the units digit of s?
6
Let z be (-772)/(-20) + (-9)/15. Suppose z = 5*s - 12. What is the tens digit of s?
1
Let r(s) = s**2 - 9*s + 18. What is the units digit of r(7)?
4
Suppose -16 = 4*j + 36. Let i = j - -21. What is the units digit of i?
8
Suppose 5*q - 345 = 175. What is the tens digit of q?
0
Let w(n) = 5*n**2 + 7*n**3 - 2*n**2 - n**2 - n. Let i be w(1). Suppose 2*t - 4*b + i = 0, 10 = 2*t - 2*b + 4*b. What is the units digit of t?
2
Let q = 34 - 22. What is the units digit of q?
2
Let w(n) = n**2 + 2*n - 4. What is the tens digit of w(-5)?
1
Let w = -336 - -472. What is the hundreds digit of w?
1
Let i = -11 - -11. Suppose -3*u + 0*u + 27 = i. What is the units digit of u?
9
Let l(v) = -2*v + 1 + 10*v**2 - 3*v**2 + 3 - 3. What is the tens digit of l(2)?
2
Let z(r) = 1 + 3*r**2 - 3 + 2*r - 3*r. Suppose -5*k = 15, -6*m + k - 7 = -m. What is the tens digit of z(m)?
1
Let l = 6 + 62. What is the units digit of l?
8
What is the tens digit of ((-1218)/7)/((-2)/1)?
8
Suppose z + 60 = 6*z. Suppose 0 = a - z. What is the tens digit of a?
1
Let i = 1 - -1. Suppose -i*x = -6*x + 16. What is the units digit of x?
4
Let i(y) be the third derivative of y**5/120 + 11*y**4/24 - y**3/6 + 4*y**2. Let l(q) be the first derivative of i(q). What is the units digit of l(-9)?
2
Let a = 4 + -2. Let v be 6*3*a/12. Suppose -5*k + 2 + v = 0. What is the units digit of k?
1
Let o be (70/(-4))/(1/(-2)). Suppose -5*k + 2*d + 50 = 2, o = 4*k - 5*d. What is the units digit of k?
0
Let s be (-4 - -3)*(-5 + 0). Suppose -4*l = -s*l - 6. Let p = 9 + l. What is the units digit of p?
3
Suppose -4*g + 619 = -3*l + 238, -5*g + 474 = -3*l. What is the units digit of g?
3
Suppose -5*v + 4*v + 17 = 0. Suppose -5*f + v = -4*f. What is the units digit of f?
7
Suppose -68 = -3*w + 94. What is the tens digit of w?
5
Let h be 1 - 0 - (-2)/(-2). Suppose h = i + v, 19 = -5*v - 6. What is the units digit of i?
5
Let s(v) = 19*v - 1. Suppose -4*w + 11 = -f, 2 = 2*f - w + 3. What is the tens digit of s(f)?
1
What is the units digit of -4 + (343 - -2) - -2?
3
Suppose -5*k - 36 = -2*r, 2*r + 5*k - 79 + 23 = 0. What is the units digit of r?
3
Let w = 15 + -13. What is the units digit of w?
2
Let m = 16 - 11. Suppose -m*c = -c - 56. What is the units digit of c?
4
What is the tens digit of ((-12)/10)/((-33)/770)?
2
Suppose -6*m + 3*m = -9. Let a be (-9)/(-12) + m/12. Suppose 16 = 3*n + a. What is the units digit of n?
5
Let a be (-2)/8 + (-14)/8. Let